{"id":104,"date":"2013-01-19T10:11:47","date_gmt":"2013-01-19T14:41:47","guid":{"rendered":"http:\/\/infomonagas.com\/sitio\/?page_id=104"},"modified":"2023-12-03T16:20:48","modified_gmt":"2023-12-03T20:20:48","slug":"municipio-uracoa","status":"publish","type":"page","link":"https:\/\/infomonagas.com\/sitio\/municipio-uracoa\/","title":{"rendered":"Municipio Uracoa"},"content":{"rendered":"<p><span style=\"font-family: Arial, Helvetica, sans-serif; font-size: small;\"><strong>Poblaci\u00f3n:<\/strong> Su poblaci\u00f3n es de 8.296 habitantes<br \/>\n(censo 2001)<br \/>\n<strong>Superficie:<\/strong> La superficie es de 2.105 Km\u00b2<br \/>\n<strong>Porcentaje del territorio estadal:<\/strong> 1,83%<br \/>\n<strong>Longitud Oeste:<\/strong> 62\u00b002&#8242; &#8211; 62\u00b044&#8242; &#8211; <strong>Latitud<br \/>\nNorte:<\/strong> 08\u00b041&#8242; &#8211; 09\u00ba 08\u00ba<br \/>\n<strong>Capital:<\/strong> Uracoa<br \/>\n<strong>L\u00edmites:<\/strong> Norte: Municipio Libertador. Este: Estado Delta Amacuro.<br \/>\nSur: Municipio Sotillo. Oeste: Municipio Libertador <\/span><\/p>\n<p><span style=\"font-family: Arial, Helvetica, sans-serif; font-size: small;\"> Fue fundada en el a\u00f1o 1784 por su poblador el Padre Fray Jos\u00e9 de Manzanera. <\/span><\/p>\n<p><span style=\"font-family: Arial, Helvetica, sans-serif; font-size: small;\"> <strong>VEGETACI\u00d3N:<\/strong> Este municipio cuenta con una Zona de vida Bosque Seco Tropical, predominando en la misma la formaci\u00f3n vegetal sabana abierta, compuesta de gram\u00edneas perennes y dispuestas en macollas, exenta casi totalmente de elementos arb\u00f3reos o arbustivos, o present\u00e1ndose en forma muy dispersa. Esta formaci\u00f3n vegetal se presenta interrumpida por morichales y bosques de galer\u00eda. <\/span><\/p>\n<p><span style=\"font-family: Arial, Helvetica, sans-serif; font-size: small;\"> <strong>CLIMA:<\/strong> Las unidades fisiogr\u00e1ficas caracter\u00edsticas de este municipio son: El paisaje de Mesa Llana y Planicie Delta\u00edca. Presenta una temperatura promedio anual de 27.1 \u00baC y las precipitaciones alcanzan 1.440mm promedio anual. Su m\u00e1s importante recurso h\u00eddrico es el r\u00edo Uracoa. <\/span><\/p>\n<p><span style=\"font-family: Arial, Helvetica, sans-serif; font-size: small;\"> <strong>ECONOM\u00cdA:<\/strong> Se basa principalmente en la ganader\u00eda extensiva, con peque\u00f1as \u00e1reas de uso forestal (pino caribe) o de cultivos como: sorgo, ma\u00edz y patilla. Complementarias a las explotaciones ganaderas, destacan conucos de ma\u00edz, yuca, frijol, caraota, coco, patilla, etc. En los valles, esencialmente el de Uracoa, generalmente estos conucos son de ocumo chino y en los sitios mejor drenados se siembra: pi\u00f1a, apio, coco, c\u00edtricos y otros. En los \u00faltimos a\u00f1os en el municipio se ha incrementado la actividad petrolera y gas\u00edfera, abriendo nuevas perspectivas a la econom\u00eda local. <\/span><\/p>\n<p><span style=\"font-family: Arial, Helvetica, sans-serif; font-size: small;\"> <strong>FOLKLORE:<\/strong> Las fiestas patronales en honor a San Carlos Borromeo, del 02 al 06 de Noviembre. <\/span><\/p>\n<p><span style=\"font-family: Arial, Helvetica, sans-serif; font-size: small;\"> <strong>TURISMO:<\/strong> Es prestigioso debido a la visita que recibiera del libertador Sim\u00f3n Bol\u00edvar el 15 de agosto de 1817, el cual acamp\u00f3 bajo una ceiba que a\u00fan se conserva en su tercer reto\u00f1o en la plaza que lleva su nombre, all\u00ed sobre la misma tierra Bol\u00edvar redact\u00f3 una nota declarando a Uracoa capital de un distrito que se llamar\u00eda Sotillo, en honor a Juan Antonio Sotillo que condujo all\u00ed un parque de refuerzo procedente de las Antillas. La iglesia colonial de Uracoa es visita obligada para el turista. <\/span><\/p>\n","protected":false},"excerpt":{"rendered":"<p>Poblaci\u00f3n: Su poblaci\u00f3n es de 8.296 habitantes (censo 2001) Superficie: La superficie es de 2.105 Km\u00b2 Porcentaje del<\/p>\n","protected":false},"author":1,"featured_media":0,"parent":0,"menu_order":0,"comment_status":"closed","ping_status":"open","template":"","meta":{"footnotes":""},"_links":{"self":[{"href":"https:\/\/infomonagas.com\/sitio\/wp-json\/wp\/v2\/pages\/104"}],"collection":[{"href":"https:\/\/infomonagas.com\/sitio\/wp-json\/wp\/v2\/pages"}],"about":[{"href":"https:\/\/infomonagas.com\/sitio\/wp-json\/wp\/v2\/types\/page"}],"author":[{"embeddable":true,"href":"https:\/\/infomonagas.com\/sitio\/wp-json\/wp\/v2\/users\/1"}],"replies":[{"embeddable":true,"href":"https:\/\/infomonagas.com\/sitio\/wp-json\/wp\/v2\/comments?post=104"}],"version-history":[{"count":2,"href":"https:\/\/infomonagas.com\/sitio\/wp-json\/wp\/v2\/pages\/104\/revisions"}],"predecessor-version":[{"id":979,"href":"https:\/\/infomonagas.com\/sitio\/wp-json\/wp\/v2\/pages\/104\/revisions\/979"}],"wp:attachment":[{"href":"https:\/\/infomonagas.com\/sitio\/wp-json\/wp\/v2\/media?parent=104"}],"curies":[{"name":"wp","href":"https:\/\/api.w.org\/{rel}","templated":true}]}}