{"id":98,"date":"2013-01-19T10:10:04","date_gmt":"2013-01-19T14:40:04","guid":{"rendered":"http:\/\/infomonagas.com\/sitio\/?page_id=98"},"modified":"2023-12-03T16:07:25","modified_gmt":"2023-12-03T20:07:25","slug":"municipio-punceres","status":"publish","type":"page","link":"https:\/\/infomonagas.com\/sitio\/municipio-punceres\/","title":{"rendered":"Municipio Punceres"},"content":{"rendered":"<p><span style=\"font-family: Arial, Helvetica, sans-serif; font-size: small;\"><strong>Poblaci\u00f3n:<\/strong> 24.272 habitantes<br \/>\n<strong>Superficie:<\/strong> 541 Km\u00b2<br \/>\n<strong>Longitud Oeste:<\/strong> 62\u00b056&#8242; &#8211; 63\u00b020&#8242; &#8211; <strong>Latitud<br \/>\nNorte:<\/strong> 09\u00b053&#8242; &#8211; 10\u00b008&#8242;<br \/>\n<strong>Porcentaje del Territorio Estadal:<\/strong> 1,87%<br \/>\n<strong>Capital:<\/strong> Quiriquire<br \/>\n<strong>L\u00edmites:<\/strong> Norte: Municipio Bol\u00edvar y Estado Sucre. Este: Municipio Matur\u00edn. Sur: Municipios Matur\u00edn y Piar. <\/span><\/p>\n<p><span style=\"font-family: Arial, Helvetica, sans-serif; font-size: small;\"> El Municipio Punceres fue fundado en el a\u00f1o 1921 y consolidado en 1928 con la explotaci\u00f3n petrolera. <\/span><\/p>\n<p><span style=\"font-family: Arial, Helvetica, sans-serif; font-size: small;\"> <strong>Clima:<\/strong><br \/>\nLa zona es de Pie de Monte y las Planicies Cenagosas, Costera y Aluvial de Desborde, caracteriz\u00e1ndose por presentar temperaturas medias anuales de 26,4\u00b0C y una precipitaci\u00f3n promedio anual de 1935 mm;<br \/>\n<strong>R\u00edos:<\/strong> Azagua, La Purga, Punceres y Quiriquire. <\/span><\/p>\n<p><span style=\"font-family: Arial, Helvetica, sans-serif; font-size: small;\"> <strong>Vegetaci\u00f3n:<\/strong><br \/>\nEl Municipio se encuentra dentro de la zona ecol\u00f3gica Bosque H\u00famedo Tropical y Bosque Seco Tropical, predominando en Bosque H\u00famedo Tropical el Apamate, Rosa de Monta\u00f1a, Carapo, el Cedro dulce, y en el Bosque Seco Tropical el Calestenendo, Paja Pel\u00faa, Canelo y Chaparro. <\/span><\/p>\n<p><span style=\"font-family: Arial, Helvetica, sans-serif; font-size: small;\"> <strong>Econom\u00eda:<\/strong><br \/>\nLa principal fuente econ\u00f3mica es la agricultura, se cultiva ma\u00edz, sorgo, ca\u00f1a de az\u00facar y \u00faltimamente la palma africana. La ganader\u00eda bovina es importante, al igual que las plantaciones de pino. <\/span><\/p>\n<p><span style=\"font-family: Arial, Helvetica, sans-serif; font-size: small;\"> <strong>Turismo:<\/strong><br \/>\nEntre sus atractivos tur\u00edsticos se encuentran los Ba\u00f1os de Miraflores con 10 fuentes de aguas sulfurosas y el balneario El Pinto. <\/span><\/p>\n<p><span style=\"font-family: Arial, Helvetica, sans-serif; font-size: small;\"> <strong>Folklore:<\/strong><br \/>\nSe destaca la elaboraci\u00f3n de cestas y l\u00e1mparas fabricadas con fibras de Moriche. Adem\u00e1s, se celebran festividades en honor a la virgen del Valle y se realiza un baile llamado la babilla. <\/span><\/p>\n","protected":false},"excerpt":{"rendered":"<p>Poblaci\u00f3n: 24.272 habitantes Superficie: 541 Km\u00b2 Longitud Oeste: 62\u00b056&#8242; &#8211; 63\u00b020&#8242; &#8211; Latitud Norte: 09\u00b053&#8242; &#8211; 10\u00b008&#8242; Porcentaje<\/p>\n","protected":false},"author":1,"featured_media":0,"parent":0,"menu_order":0,"comment_status":"closed","ping_status":"open","template":"","meta":{"footnotes":""},"_links":{"self":[{"href":"https:\/\/infomonagas.com\/sitio\/wp-json\/wp\/v2\/pages\/98"}],"collection":[{"href":"https:\/\/infomonagas.com\/sitio\/wp-json\/wp\/v2\/pages"}],"about":[{"href":"https:\/\/infomonagas.com\/sitio\/wp-json\/wp\/v2\/types\/page"}],"author":[{"embeddable":true,"href":"https:\/\/infomonagas.com\/sitio\/wp-json\/wp\/v2\/users\/1"}],"replies":[{"embeddable":true,"href":"https:\/\/infomonagas.com\/sitio\/wp-json\/wp\/v2\/comments?post=98"}],"version-history":[{"count":2,"href":"https:\/\/infomonagas.com\/sitio\/wp-json\/wp\/v2\/pages\/98\/revisions"}],"predecessor-version":[{"id":972,"href":"https:\/\/infomonagas.com\/sitio\/wp-json\/wp\/v2\/pages\/98\/revisions\/972"}],"wp:attachment":[{"href":"https:\/\/infomonagas.com\/sitio\/wp-json\/wp\/v2\/media?parent=98"}],"curies":[{"name":"wp","href":"https:\/\/api.w.org\/{rel}","templated":true}]}}